NOAA-Style Climate Reports

Select a Year or Month report
2023: Jan Feb Mar Apr May Jun Jul Aug Sep Oct Nov Dec
2022: Jan Feb Mar Apr May Jun Jul Aug Sep Oct Nov Dec
2021: Jan Feb Mar Apr May Jun Jul Aug Sep Oct Nov Dec
2020: Jan Feb Mar Apr May Jun Jul Aug Sep Oct Nov Dec
2019: Jan Feb Mar Apr May Jun Jul Aug Sep Oct Nov Dec
2018: Jan Feb Mar Apr May Jun Jul Aug Sep Oct Nov Dec

Report for 2022 January
                   Monthly Climatological Summary for Jan 2022

Name: Larrys Jonestown Weather.   City: Jonestown   State: Pennsylvania
Elevation: 527 ft  Lat: N 40° 24' 16"   Lon: W 076° 28' 30"

                  Temperature (°F), Rain (in), Wind Speed (mph)

                                      Heat  Cool        Avg
    Mean                              Deg   Deg         Wind                 Dom
Day Temp  High   Time   Low    Time   Days  Days  Rain  Speed High   Time    Dir
----------------------------------------------------------------------------------
 1  49.9  52.5   2:33p  47.7   6:56a  15.1   0.0  0.87   0.0   3.0   7:04a   NNE
 2  47.3  57.0   2:03p  32.3  11:46p  17.7   0.0  0.04   1.7  23.0   6:55p   NNW
 3  26.3  32.3  12:00a  20.9  11:49p  38.8   0.0  0.00   0.3  18.0  11:32a     N
 4  24.8  34.0   3:39p  16.8   8:12a  40.2   0.0  0.00   0.0  11.0  12:04a     N
 5  28.3  37.2   2:52p  21.3   4:31a  36.7   0.0  0.00   0.0   2.0  12:59p   ---
 6  29.7  33.7   5:11a  25.5  11:40p  35.3   0.0  0.00   0.3  17.0   5:04a     W
 7  23.3  26.0   1:01p  19.2   9:32p  41.7   0.0  0.00   3.8  27.0   1:21p     W
 8  20.9  28.1   3:01p  15.7  11:18p  44.1   0.0  0.00   0.4  15.0   2:40a   WNW
 9  28.2  35.2  10:21p  16.2  12:28a  36.7   0.0  0.06   0.6  19.0  11:53p   WSW
10  24.3  34.2  12:00a  19.8  10:40p  40.7   0.0  0.00   5.8  24.0   1:06a   WNW
11  15.6  20.8  12:06a   9.5  10:43p  49.4   0.0  0.00   3.0  23.0  12:09a   NNW
12  19.8  28.3   3:41p   8.0   4:07a  45.2   0.0  0.00   0.0   3.0  12:50p   NNE
13  31.5  38.7   2:42p  24.2   8:01a  31.9   0.0  0.01   0.2   5.0   2:54p    NE
14  32.5  38.0   2:48a  17.3  11:59p  32.5   0.0  0.00   5.6  28.0   6:00p     N
15  12.5  17.3  12:00a   8.4  11:58p  52.5   0.0  0.00   3.9  17.0   2:12a     N
16  14.0  31.1  11:59p   2.3   7:16a  51.0   0.0  0.14   2.4  29.0  10:32p    NE
17  30.9  33.4   2:17a  27.7   6:56p  25.3   0.0  0.05   7.9  32.0   1:58a     W
18  30.7  34.4   3:02p  23.1  11:53p  34.3   0.0  0.00   5.6  28.0   1:05a     W
19  31.9  43.0   2:51p  19.4   3:26a  33.1   0.0  0.00   0.6  11.0   1:38p    SW
20  28.4  36.2   2:36a  14.6  11:59p  36.7   0.0  0.08   5.0  21.0  10:35p     N
21  14.4  21.6   3:21p   8.8   5:22a  50.6   0.0  0.00   3.2  17.0  12:52a     N
22  15.0  24.2   2:56p   4.5   7:25a  50.0   0.0  0.00   0.4   7.0  10:47a   WSW
23  22.6  31.6   1:23p  13.0   5:18a  42.4   0.0  0.00   0.4  12.0   2:00p   WSW
24  24.9  28.9   3:26p  18.3   8:03a  40.1   0.0  0.00   1.2  10.0   5:00a     N
25  29.2  35.1   1:10p  20.2  11:50p  35.8   0.0  0.01   2.5  19.0   1:52p    NW
26  18.5  24.0   1:39p  11.2   7:52a  46.5   0.0  0.00   1.4  13.0  12:38a   NNW
27  18.2  30.1   3:04p   4.3   7:39a  46.8   0.0  0.00   0.9  13.0  11:52a    SW
28  26.8  32.3   1:56p  22.5  11:58p  38.2   0.0  0.02   0.6  14.0  11:00p   NNE
29  16.1  22.5  12:00a  12.0   9:32a  48.9   0.0  0.00   8.3  29.0   1:49p     N
30  16.4  22.8   3:01p   9.4   6:05a  48.6   0.0  0.00   1.8  17.0  12:00a     W
31  20.6  30.1   3:29p  10.3   5:40a  44.4   0.0  0.00   0.6   8.0   1:12p    NE
----------------------------------------------------------------------------------
    25.0  57.0     2     2.3    16  1231.2   0.0  1.28   2.1  32.0    17      NW

Max >=  80.0:  0
Max <=  32.0: 15
Min <=  32.0: 29
Min <=   0.0:  0
Max Rain: 0.87 on day 1
Days of Rain: 9 (>= 0.01 in)  2 (>= 0.10 in)  0 (>= 1.00 in)
Heat Base: 65.0  Cool Base: 65.0  Method: Integration