NOAA-Style Climate Reports

Select a Year or Month report
2023: Jan Feb Mar Apr May Jun Jul Aug Sep Oct Nov Dec
2022: Jan Feb Mar Apr May Jun Jul Aug Sep Oct Nov Dec
2021: Jan Feb Mar Apr May Jun Jul Aug Sep Oct Nov Dec
2020: Jan Feb Mar Apr May Jun Jul Aug Sep Oct Nov Dec
2019: Jan Feb Mar Apr May Jun Jul Aug Sep Oct Nov Dec
2018: Jan Feb Mar Apr May Jun Jul Aug Sep Oct Nov Dec

Report for 2021 August
                   Monthly Climatological Summary for Aug 2021

Name: Larrys Jonestown Weather.   City: Jonestown   State: Pennsylvania
Elevation: 527 ft  Lat: N 40° 24' 16"   Lon: W 076° 28' 30"

                  Temperature (°F), Rain (in), Wind Speed (mph)

                                      Heat  Cool        Avg
    Mean                              Deg   Deg         Wind                 Dom
Day Temp  High   Time   Low    Time   Days  Days  Rain  Speed High   Time    Dir
----------------------------------------------------------------------------------
 1  64.7  76.0   5:09p  57.9  11:58p   2.8   2.5  0.57   0.0   7.0   7:05p     N
 2  65.9  78.7   7:26p  55.9   3:58a   3.2   4.2  0.01   0.0  10.0   1:44p   NNW
 3  66.1  81.0   7:16p  53.3   6:12a   3.7   4.9  0.00   0.0   1.0   4:17p   ---
 4  67.4  79.5   5:20p  56.2   6:30a   2.5   4.9  0.00   0.0   7.0   2:43p   ---
 5  71.0  84.7   6:38p  55.3   6:45a   2.4   8.4  0.00   0.0   7.0   1:15p   WNW
 6  75.8  91.0   5:15p  60.2   6:29a   0.6  11.3  0.00   0.0   8.0   2:45p   ---
 7  73.7  83.4   2:10p  64.5   6:37a   0.0   8.7  0.00   0.0   1.0  10:45a   ---
 8  75.3  90.6   6:58p  61.8   6:12a   0.3  10.6  0.00   0.0   5.0  11:59a   ---
 9  76.0  91.2   5:51p  63.9   5:53a   0.0  11.0  0.00   0.0   2.0  12:11p   ---
10  74.9  90.3   2:16p  68.5  11:50p   0.0   9.9  0.63   0.0  14.0   2:52p    NW
11  74.4  91.9   2:32p  65.9   6:15a   0.0   9.4  0.12   0.1  16.0   4:42p     W
12  80.1  97.0   6:21p  67.1   6:08a   0.0  15.2  0.14   0.0  19.0  10:33p   NNW
13  77.1  92.6   2:30p  67.3   5:45a   0.0  12.1  0.01   0.0   1.0  10:25a   ---
14  75.4  83.5   3:37p  68.9  11:37p   0.0  10.4  0.00   0.0   5.0  10:33a   ---
15  72.0  81.2   4:09p  64.7   6:09a   0.0   7.0  0.00   0.0   4.0   3:15p   ---
16  73.1  79.7   1:30p  68.0   6:43a   0.0   8.1  0.00   0.0   1.0  10:00a   ---
17  73.9  83.2   1:40p  69.6   3:49a   0.0   8.9  0.12   0.0   1.0   2:24p   ---
18  74.6  82.3   2:05p  72.2  10:17p   0.0   9.6  1.23   0.0  13.0   5:06p     W
19  76.3  85.0   1:51p  70.7   5:31a   0.0  11.3  0.02   0.0   9.0   9:44a     W
20  75.9  86.7   5:30p  70.1  11:46p   0.0  10.9  0.00   0.0   1.0  11:26a   ---
21  75.3  87.2   5:20p  64.3   6:41a   0.0  10.3  0.00   0.0   6.0   6:30p   ---
22  71.8  74.0   2:05p  69.3   7:44a   0.0   6.8  1.78   0.0   1.0   2:12p   ---
23  74.6  85.0   1:04p  69.8   6:49a   0.0   9.7  0.49   0.0  13.0   3:13p   WNW
24  77.5  88.9   5:10p  69.1   6:33a   0.0  12.5  0.01   0.0   5.0   8:34a   ---
25  78.8  94.3   5:38p  66.1   7:08a   0.0  13.8  0.00   0.0   2.0   3:08p   ---
26  80.1  93.4   6:09p  69.1   7:02a   0.0  14.2  0.00   0.0   3.0   2:12p   ---
27  77.5  90.3   4:50p  70.8  10:55p   0.0  12.4  0.50   0.0   8.0   6:05p     W
28  71.7  75.9  10:32a  67.1  11:54p   0.0   6.7  0.00   0.0   9.0  12:11p   ---
29  70.7  80.5   3:58p  64.2   4:45a   0.1   5.8  0.00   0.0   0.0  12:00a   ---
30  76.8  86.5   2:03p  69.8   6:35a   0.0  11.8  0.00   0.0   3.0   3:42p   ---
31  73.7  80.3   1:10p  69.0   7:06a   0.0   8.7  0.00   0.0   1.0  12:57p   ---
----------------------------------------------------------------------------------
    73.9  97.0    12    53.3     3    15.6 292.0  5.63   0.0  19.0    12     WNW

Max >=  80.0: 25
Max <=  32.0:  0
Min <=  32.0:  0
Min <=   0.0:  0
Max Rain: 1.78 on day 22
Days of Rain: 13 (>= 0.01 in)  9 (>= 0.10 in)  2 (>= 1.00 in)
Heat Base: 65.0  Cool Base: 65.0  Method: Integration