NOAA-Style Climate Reports

Select a Year or Month report
2023: Jan Feb Mar Apr May Jun Jul Aug Sep Oct Nov Dec
2022: Jan Feb Mar Apr May Jun Jul Aug Sep Oct Nov Dec
2021: Jan Feb Mar Apr May Jun Jul Aug Sep Oct Nov Dec
2020: Jan Feb Mar Apr May Jun Jul Aug Sep Oct Nov Dec
2019: Jan Feb Mar Apr May Jun Jul Aug Sep Oct Nov Dec
2018: Jan Feb Mar Apr May Jun Jul Aug Sep Oct Nov Dec

Report for 2020
                   Annual Climatological Summary for 2020

Name: Larrys Jonestown Weather.   City: Jonestown   State: Pennsylvania
Elevation: 527 ft  Lat: N 40° 24' 16"   Lon: W 076° 28' 30"

                  Temperature (°F), Heat Base: 65.0  Cool Base: 65.0
                          Dep.  Heat  Cool                       Max  Max  Min  Min
        Mean  Mean        From  Deg   Deg                        >=   <=   <=   <=
 YR MO  Max   Min   Mean  Norm  Days  Days  Hi  Date  Low  Date 80.0 32.0 32.0   0.0
------------------------------------------------------------------------------------
 20  1  40.2  26.3  33.5   0.0   975     0  65.0  11  14.0   23    0    5   22    0
 20  2  43.1  28.6  35.6   0.0   851     0  60.2   3   8.6   15    0    2   18    0
 20  3  53.7  35.8  44.0   0.0   652     2  75.1  20  21.3    1    0    0    9    0
 20  4  56.7  39.0  47.6   0.0   524     1  70.1   8  27.7   19    0    0    3    0
 20  5  69.5  48.6  58.6   0.0   258    61  89.0  26  30.0    9    6    0    1    0
 20  6  83.3  59.7  70.9   0.0    40   217  92.9   9  45.2    1   21    0    0    0
 20  7  90.0  67.6  77.7   0.0     1   396  97.8   6  61.7   14   29    0    0    0
 20  8  85.3  64.9  73.6   0.0     8   276  94.2  10  54.9   20   26    0    0    0
 20  9  74.6  54.3  63.9   0.0   131    99  85.7   8  34.8   21   10    0    0    0
 20 10  63.1  44.9  53.5   0.0   369    14  75.4   7  31.0   18    0    0    2    0
 20 11  57.2  36.8  46.8   0.0   553     6  75.7   8  19.5   19    0    0    6    0
 20 12  40.5  26.8  33.5   0.0   977     0  57.4  25  12.2   19    0    4   27    0
------------------------------------------------------------------------------------
        63.1  44.4  53.3   0.0  5346  1076  97.8 Jul   8.6  Feb   92   11   88    0

                                Precipitation (in)

              Dep.   Max        Days of Rain
              From   Obs.           >=
 YR MO Total  Norm   Day Date 0.01 0.10 1.00
---------------------------------------------
 20  1  2.62   0.0  1.57  25     9    4    1
 20  2  2.49   0.0  0.80   7    13    7    0
 20  3  4.76   0.0  1.91  28    15    7    1
 20  4  7.23   0.0  2.84  30    17   10    2
 20  5  3.66   0.0  1.09  23    12    8    1
 20  6  4.72   0.0  1.60   4    12    8    1
 20  7  4.47   0.0  1.38  22    13    9    1
 20  8  6.69   0.0  1.82   4    14    9    4
 20  9  2.24   0.0  0.59   2     9    6    0
 20 10  1.45   0.0  0.64  12     5    4    0
 20 11  1.72   0.0  1.15  30     7    3    1
 20 12  4.20   0.0  2.17  24    10    5    1
---------------------------------------------
       46.25   0.0  2.84  Apr  136   80   13

                                Wind Speed (mph)
                          Dom
 YR MO   Avg.  Hi   Date  Dir
------------------------------
 20  1   2.3  38.0   16    NW
 20  2   2.2  32.0   27   WNW
 20  3   2.9  30.0    7   NNW
 20  4   3.1  39.0    9   NNW
 20  5   1.9  27.0    9    NW
 20  6   0.9  21.0    3    NW
 20  7   0.8  29.0   22    NW
 20  8   0.6  24.0   27    NW
 20  9   0.7  16.0   18    NW
 20 10   1.0  24.0    7   NNW
 20 11   1.8  34.0    1   WNW
 20 12   2.3  35.0    2   WNW
------------------------------
         1.7  39.0  Apr    NW