NOAA-Style Climate Reports


Report for 2022 November
                   Monthly Climatological Summary for Nov 2022

Name: Larrys Jonestown Weather.   City: Jonestown   State: Pennsylvania
Elevation: 527 ft  Lat: N 40° 24' 16"   Lon: W 076° 28' 30"

                  Temperature (°F), Rain (in), Wind Speed (mph)

                                      Heat  Cool        Avg
    Mean                              Deg   Deg         Wind                 Dom
Day Temp  High   Time   Low    Time   Days  Days  Rain  Speed High   Time    Dir
----------------------------------------------------------------------------------
 1  59.1  66.2   4:07p  55.3   7:54a   6.0   0.1  0.28   1.2  13.0   1:47p     W
 2  58.1  68.1   3:29p  48.5  11:57p   7.2   0.3  0.00   0.7  11.0  11:05a     N
 3  52.4  67.4   3:49p  39.3   7:36a  12.9   0.3  0.00   0.4  11.0   1:15p   WSW
 4  54.2  70.8   3:55p  39.3   6:17a  11.5   0.7  0.00   0.4  12.0   3:14p   WSW
 5  64.3  75.9   2:42p  51.8   2:10a   3.8   3.0  0.00   1.0  11.0  12:45p    SW
 6  66.2  71.1   1:47p  63.0   3:19a   0.5   1.8  0.09   0.4   9.0   2:12a    SW
 7  65.2  72.4   1:45p  50.9  11:58p   1.7   1.9  0.00   4.0  18.0   2:40p    NW
 8  48.2  56.7   3:09p  40.9  11:55p  16.7   0.0  0.00   1.2  17.0   1:43a   NNE
 9  41.4  53.8   3:02p  29.5   7:02a  23.6   0.0  0.00   0.3   9.0   8:47a    SW
10  48.0  64.1   3:05p  30.9   6:53a  17.0   0.0  0.00   0.4   8.0  12:54p   WSW
11  59.8  67.7   9:32p  52.3   2:37a   5.7   0.6  0.66   1.1  11.0   9:43p   ENE
12  60.1  66.2  12:03a  48.6  11:58p   5.0   0.1  0.16   3.5  23.0   2:48a     W
13  41.5  48.6  12:00a  35.7  11:30p  23.5   0.0  0.00   5.0  24.0   2:54p   WNW
14  36.1  42.6   2:34p  27.8  11:15p  28.9   0.0  0.00   2.4  18.0   9:43a   NNW
15  31.2  37.7   1:56p  23.4   6:13a  33.8   0.0  0.74   1.2  14.0   8:20p    NE
16  38.2  44.0  12:04p  34.6  12:00a  26.8   0.0  0.17   3.7  23.0  12:25p     W
17  34.9  38.2   1:02p  30.8  11:55p  30.1   0.0  0.00   4.8  24.0   1:25p     W
18  33.7  40.2   1:25p  28.0  11:59p  31.3   0.0  0.00   5.2  21.0   1:03p   WSW
19  29.5  37.4   2:33p  23.1   6:34a  35.5   0.0  0.00   2.9  20.0  11:51a   WSW
20  27.4  31.3   4:00a  23.2  10:49p  37.6   0.0  0.00   5.1  30.0  12:34p     W
21  29.0  41.7   2:58p  17.0   7:13a  36.0   0.0  0.00   2.0  15.0   2:00p    SW
22  34.9  51.6   2:58p  22.4   7:04a  30.1   0.0  0.00   0.6   8.0  12:52p   WSW
23  38.6  55.0   2:14p  25.1   7:04a  26.4   0.0  0.00   0.9  11.0  12:37p     W
24  38.4  54.7   3:06p  25.5   3:31a  26.5   0.0  0.00   0.3   8.0  12:21p    SW
25  42.8  52.5   2:25p  33.2   1:37a  22.1   0.0  0.04   3.1  25.0   1:24p    NW
----------------------------------------------------------------------------------
    45.3  75.9     5    17.0    21   500.2   8.8  2.14   2.0  30.0    20       W

Max >=  80.0:  0
Max <=  32.0:  1
Min <=  32.0: 12
Min <=   0.0:  0
Max Rain: 0.74 on day 15
Days of Rain: 7 (>= 0.01 in)  5 (>= 0.10 in)  0 (>= 1.00 in)
Heat Base: 65.0  Cool Base: 65.0  Method: Integration