NOAA-Style Climate Reports

Select a Year or Month report
2023: Jan Feb Mar Apr May Jun Jul Aug Sep Oct Nov Dec
2022: Jan Feb Mar Apr May Jun Jul Aug Sep Oct Nov Dec
2021: Jan Feb Mar Apr May Jun Jul Aug Sep Oct Nov Dec
2020: Jan Feb Mar Apr May Jun Jul Aug Sep Oct Nov Dec
2019: Jan Feb Mar Apr May Jun Jul Aug Sep Oct Nov Dec
2018: Jan Feb Mar Apr May Jun Jul Aug Sep Oct Nov Dec

Report for 2018
                   Annual Climatological Summary for 2018

Name: Larrys Jonestown Weather   City: Jonestown   State: Pennsylvania
Elevation: 527 ft  Lat: N 40° 24' 16"   Lon: W 076° 28' 30"

                  Temperature (°F), Heat Base: 65.0  Cool Base: 65.0
                          Dep.  Heat  Cool                       Max  Max  Min  Min
        Mean  Mean        From  Deg   Deg                        >=   <=   <=   <=
 YR MO  Max   Min   Mean  Norm  Days  Days  Hi  Date  Low  Date 80.0 32.0 32.0   0.0
------------------------------------------------------------------------------------
 18  1  34.9  18.5  26.8   0.0  1180     0  61.1  12  -1.9    3    0   14   25    1
 18  2  43.8  28.2  36.1   0.0   807     2  78.0  21  12.1    3    0    3   18    0
 18  3  43.2  29.2  35.6   0.0   901     0  60.9  29  22.8   12    0    0   25    0
 18  4  56.2  36.7  45.9   0.0   587    15  85.3  14  24.7    8    2    0    8    0
 18  5  76.0  55.5  65.3   0.0   118   126  92.8  26  45.3   19   11    0    0    0
 18  6  80.8  59.6  70.0   0.0    53   201  96.0  18  46.8   12   17    0    0    0
 18  7  85.9  64.1  74.2   0.0    14   299 100.2   1  53.0    8   27    0    0    0
 18  8  84.5  66.2  73.9   0.0     7   283  94.7  28  54.3   24   24    0    0    0
 18  9  75.5  61.1  67.2   0.0    72   139  93.3   5  48.5   30    9    0    0    0
 18 10  62.6  47.2  54.3   0.0   379    46  82.3   7  32.1   19    2    0    0    0
 18 11  44.9  33.3  39.0   0.0   780     1  71.4   1  11.3   23    0    3   14    0
 18 12  41.8  29.0  35.4   0.0   916     0  63.3  21  15.5   11    0    1   21    0
------------------------------------------------------------------------------------
        60.8  44.0  52.0   0.0  5819  1115 100.2 Jul  -1.9  Jan   92   21  111    1

                                Precipitation (in)

              Dep.   Max        Days of Rain
              From   Obs.           >=
 YR MO Total  Norm   Day Date 0.01 0.10 1.00
---------------------------------------------
 18  1  4.04   0.0  2.14  23     8    4    2
 18  2  4.53   0.0  0.82  25    15   11    0
 18  3  1.77   0.0  0.78   1     8    3    0
 18  4  4.72   0.0  1.51  25    12    8    2
 18  5  5.48   0.0  1.21  19    18    8    1
 18  6  5.52   0.0  2.93  10    12    8    1
 18  7 19.07   0.0  6.49  23    12    8    6
 18  8 14.55   0.0  5.18  31    16   14    4
 18  9  7.18   0.0  2.01   9    17   11    2
 18 10  2.20   0.0  0.83  27    13    4    0
 18 11  8.07   0.0  2.12   2    10    9    3
 18 12  5.83   0.0  1.22  28    14    9    1
---------------------------------------------
       82.96   0.0  6.49  Jul  155   97   22

                                Wind Speed (mph)
                          Dom
 YR MO   Avg.  Hi   Date  Dir
------------------------------
 18  1   2.1  32.0   13   NNW
 18  2   0.6  27.0    2    NW
 18  3   3.5  43.0    2   NNW
 18  4   1.9  37.0    4    NW
 18  5   0.5  30.0   15   WNW
 18  6   0.7  23.0    3   NNW
 18  7   0.1  21.0   22   NNW
 18  8   0.6  20.0   22    NW
 18  9   0.3  20.0    6    NE
 18 10   0.6  28.0   21   NNW
 18 11   1.7  30.0   28   WNW
 18 12   2.5  26.0   22    NW
------------------------------
         1.3  43.0  Mar    NW