NOAA-Style Climate Reports

Select a Year or Month report
2023: Jan Feb Mar Apr May Jun Jul Aug Sep Oct Nov Dec
2022: Jan Feb Mar Apr May Jun Jul Aug Sep Oct Nov Dec
2021: Jan Feb Mar Apr May Jun Jul Aug Sep Oct Nov Dec
2020: Jan Feb Mar Apr May Jun Jul Aug Sep Oct Nov Dec
2019: Jan Feb Mar Apr May Jun Jul Aug Sep Oct Nov Dec
2018: Jan Feb Mar Apr May Jun Jul Aug Sep Oct Nov Dec

Report for 2018 September
                   Monthly Climatological Summary for Sep 2018

Name: Larrys Jonestown Weather   City: Jonestown   State: Pennsylvania
Elevation: 527 ft  Lat: N 40° 24' 16"   Lon: W 076° 28' 30"

                  Temperature (°F), Rain (in), Wind Speed (mph)

                                      Heat  Cool        Avg
    Mean                              Deg   Deg         Wind                 Dom
Day Temp  High   Time   Low    Time   Days  Days  Rain  Speed High   Time    Dir
----------------------------------------------------------------------------------
 1  68.3  72.3   3:50p  65.2   4:42a   0.0   3.3  0.04   0.8  15.0   4:13p    NE
 2  74.2  88.6   5:55p  67.1   7:33a   0.0   9.3  0.00   0.3   8.0  10:59a    NW
 3  78.3  92.9   6:00p  68.5   6:53a   0.0  13.3  0.00   0.3  12.0   9:08p     W
 4  78.9  91.3   2:14p  67.9   7:08a   0.0  13.9  0.00   0.4  12.0   8:48p   NNW
 5  80.2  93.3   5:34p  69.5   6:36a   0.0  15.2  0.00   0.2   7.0   3:22p   SSW
 6  77.1  91.3   4:09p  69.8  11:37p   0.0  12.1  0.28   0.5  20.0   4:45p     W
 7  72.2  82.1   2:25p  68.1   6:21a   0.0   7.2  0.39   0.6  20.0   4:25p    NE
 8  63.0  69.2  12:00a  54.5   9:30p   2.7   0.7  0.17   1.0  13.0   4:53p    NE
 9  53.0  55.1  11:08p  50.9   3:53a  12.0   0.0  2.01   2.4  18.0   6:40a    NE
10  56.1  63.0   5:41p  50.6   7:02a   8.9   0.0  0.94   1.5  18.0   6:20a    NE
11  63.7  69.0   3:36p  59.2   4:14a   2.2   0.9  0.07   0.0  18.0   1:29a    NE
12  69.2  74.3   5:43p  65.1  12:12a   0.0   4.2  0.00   0.0   7.0   4:01a   ---
13  72.3  79.0   5:12p  69.8   4:09a   0.0   7.3  0.01   0.1   9.0  10:31a   ENE
14  70.3  74.6   3:19p  67.7   6:33a   0.0   5.3  0.00   0.1   9.0  10:10a   ENE
15  69.6  78.2   2:14p  61.9   6:02a   0.5   5.1  0.00   0.0   9.0   8:32a   ENE
16  70.0  81.7   2:18p  59.9   7:37a   1.1   6.2  0.00   0.1   8.0   1:46p    NE
17  68.8  73.1   4:18p  63.9   4:06a   0.1   3.9  0.39   0.0   9.0   8:05p   NNW
18  73.9  82.5   5:29p  67.5  11:56p   0.0   8.9  0.71   0.3  12.0   1:26p     N
19  71.8  79.2   1:42p  65.5   5:52a   0.0   6.8  0.00   0.3  12.0   1:06p     N
20  67.3  76.4   1:07p  58.7   5:52a   1.4   3.7  0.00   0.0  12.0   4:45p    NE
21  68.2  71.3  11:59p  65.1   4:54a   0.0   3.2  0.00   0.0   9.0   3:30p    SW
22  63.9  71.3  12:00a  55.5  11:56p   2.3   1.2  0.01   0.3  13.0  12:05p     N
23  57.6  62.2   4:03p  54.1   7:08a   7.4   0.0  0.04   0.0  13.0  11:44a   ENE
24  60.8  67.1   2:32p  57.4  11:59p   4.3   0.1  0.03   0.4  14.0  10:09p    NE
25  59.4  64.3   5:37p  55.7   8:16a   5.6   0.0  1.33   0.1  14.0   9:49p    NE
26  70.2  80.8   3:59p  63.6  12:01a   0.2   5.4  0.14   0.0  11.0   3:07a    NW
27  60.3  66.2  12:00a  55.0  11:49p   4.7   0.0  0.16   0.1  10.0  11:19p   NNE
28  59.7  70.9   6:02p  54.7  12:20a   5.8   0.5  0.46   0.0  10.0  12:04a   NNW
29  59.4  70.1   1:45p  50.9   7:04a   6.4   0.8  0.00   0.1   9.0   1:22p    NW
30  59.1  72.5   5:19p  48.5   7:42a   6.9   1.1  0.00   0.0   9.0   1:01p   NNW
----------------------------------------------------------------------------------
    67.2  93.3     5    48.5    30    72.5 139.6  7.18   0.3  20.0     6     NNE

Max >=  80.0:  9
Max <=  32.0:  0
Min <=  32.0:  0
Min <=   0.0:  0
Max Rain: 2.01 on day 9
Days of Rain: 17 (>= 0.01 in)  11 (>= 0.10 in)  2 (>= 1.00 in)
Heat Base: 65.0  Cool Base: 65.0  Method: Integration