NOAA-Style Climate Reports

Select a Year or Month report
2023: Jan Feb Mar Apr May Jun Jul Aug Sep Oct Nov Dec
2022: Jan Feb Mar Apr May Jun Jul Aug Sep Oct Nov Dec
2021: Jan Feb Mar Apr May Jun Jul Aug Sep Oct Nov Dec
2020: Jan Feb Mar Apr May Jun Jul Aug Sep Oct Nov Dec
2019: Jan Feb Mar Apr May Jun Jul Aug Sep Oct Nov Dec
2018: Jan Feb Mar Apr May Jun Jul Aug Sep Oct Nov Dec

Report for 2019 January
                   Monthly Climatological Summary for Jan 2019

Name: Larrys Jonestown Weather   City: Jonestown   State: Pennsylvania
Elevation: 527 ft  Lat: N 40° 24' 16"   Lon: W 076° 28' 30"

                  Temperature (°F), Rain (in), Wind Speed (mph)

                                      Heat  Cool        Avg
    Mean                              Deg   Deg         Wind                 Dom
Day Temp  High   Time   Low    Time   Days  Days  Rain  Speed High   Time    Dir
----------------------------------------------------------------------------------
 1  44.5  53.4   9:10a  38.6  11:45p  20.5   0.0  0.01   3.3  26.0  10:11a    NW
 2  38.0  39.9   1:45p  36.1   8:42a  27.0   0.0  0.00   0.1  26.0  10:11a   NNE
 3  36.4  39.6   8:30a  29.0  11:59p  28.6   0.0  0.00   1.9  21.0  11:24a   WNW
 4  32.6  39.1   2:02p  24.7   7:13a  32.4   0.0  0.14   0.4  21.0  11:04a   ENE
 5  41.7  46.2   4:14p  37.5  12:00a  23.3   0.0  0.10   1.9  14.0   2:23p   NNW
 6  41.6  46.1  12:36p  31.2  11:58p  23.4   0.0  0.00   5.7  32.0  11:42a    NW
 7  27.9  31.2  12:00a  24.8   6:18a  37.1   0.0  0.00   1.1  32.0  11:42a   NNE
 8  33.6  36.6   9:17p  29.8  12:09a  31.4   0.0  0.16   0.5  18.0  12:26a    NE
 9  36.4  42.1   1:49a  28.0  11:42p  28.6   0.0  0.01   6.1  31.0   1:43a   WNW
10  29.3  33.3   1:59p  26.1  11:54p  35.7   0.0  0.00   7.3  33.0  12:40p   WNW
11  25.1  29.9   3:01p  20.3   8:02a  39.9   0.0  0.00   4.4  33.0  12:40p   NNW
12  23.5  30.5   2:22p  14.0   7:19a  41.5   0.0  0.00   0.4  21.0   1:12p   WSW
13  26.0  29.2   3:55p  23.3   4:11a  39.0   0.0  0.00   0.9  10.0   9:09a    NE
14  24.9  34.0   3:21p  16.5   8:34a  40.1   0.0  0.01   0.7  10.0   8:49a    SW
15  26.2  33.1   3:27p  20.1   3:17a  38.8   0.0  0.00   2.1  15.0   9:34a     W
16  31.3  35.4   2:54p  24.3  12:38a  33.7   0.0  0.00   3.0  18.0   3:43p     W
17  26.1  32.3  12:00a  21.3   8:10a  38.9   0.0  0.00   1.1  18.0   3:24p   NNE
18  29.3  35.9   7:34p  23.4   3:35a  35.7   0.0  0.03   1.0  16.0   7:02p    NW
19  31.8  34.1  12:01a  28.1   7:53p  33.0   0.0  0.15   0.2  16.0   6:42p    NE
20  25.3  35.8   9:30a   8.3  11:55p  39.7   0.0  0.47   6.7  33.0   1:42p   NNW
21   8.4  13.9   4:23p   3.0   7:32a  56.6   0.0  0.00   7.3  33.0   1:22p    NW
22  17.0  26.2   3:18p   7.3   5:44a  48.0   0.0  0.00   1.3  32.0  12:34p   WNW
23  31.4  39.2   4:52p  23.9  12:00a  33.6   0.0  0.05   0.4  13.0  12:01a    NE
24  40.0  52.6   8:36a  30.1  11:03p  25.0   0.0  0.98   3.4  23.0   7:45p     W
25  28.4  33.4   2:30p  19.8  11:56p  36.6   0.0  0.00   4.1  25.0  11:36a     W
26  25.0  31.9   3:11p  17.4   6:09a  39.9   0.0  0.00   0.7  25.0  11:36a   WSW
27  30.3  40.3   2:20p  21.2   2:57a  34.2   0.0  0.00   1.2  13.0   2:48p     W
28  23.6  30.4   2:34p  17.4   8:06a  41.4   0.0  0.00   1.3  15.0   2:15a   NNE
29  24.1  27.7   4:39p  19.3  11:50p  40.9   0.0  0.00   1.2  17.0   9:30p     N
30   9.9  23.1  11:45a  -1.9  11:24p  55.1   0.0  0.00   4.0  31.0   2:02p   WNW
31   3.4  12.1   3:13p  -4.0   3:56a  61.5   0.0  0.00   2.5  31.0   2:02p   WSW
----------------------------------------------------------------------------------
    28.2  53.4     1    -4.0    31  1141.1   0.0  2.11   2.3  33.0    10      NW

Max >=  80.0:  0
Max <=  32.0: 11
Min <=  32.0: 28
Min <=   0.0:  2
Max Rain: 0.98 on day 24
Days of Rain: 11 (>= 0.01 in)  6 (>= 0.10 in)  0 (>= 1.00 in)
Heat Base: 65.0  Cool Base: 65.0  Method: Integration