NOAA-Style Climate Reports

Select a Year or Month report
2023: Jan Feb Mar Apr May Jun Jul Aug Sep Oct Nov Dec
2022: Jan Feb Mar Apr May Jun Jul Aug Sep Oct Nov Dec
2021: Jan Feb Mar Apr May Jun Jul Aug Sep Oct Nov Dec
2020: Jan Feb Mar Apr May Jun Jul Aug Sep Oct Nov Dec
2019: Jan Feb Mar Apr May Jun Jul Aug Sep Oct Nov Dec
2018: Jan Feb Mar Apr May Jun Jul Aug Sep Oct Nov Dec

Report for 2019 April
                   Monthly Climatological Summary for Apr 2019

Name: Larrys Jonestown Weather   City: Jonestown   State: Pennsylvania
Elevation: 527 ft  Lat: N 40° 24' 16"   Lon: W 076° 28' 30"

                  Temperature (°F), Rain (in), Wind Speed (mph)

                                      Heat  Cool        Avg
    Mean                              Deg   Deg         Wind                 Dom
Day Temp  High   Time   Low    Time   Days  Days  Rain  Speed High   Time    Dir
----------------------------------------------------------------------------------
 1  34.5  45.6   6:09p  27.4   7:32a  30.5   0.0  0.00   4.8  28.0   3:11p    NW
 2  38.1  48.5   1:25p  23.8   6:59a  26.9   0.0  0.00   0.9  27.0   8:48a     S
 3  47.1  61.8   3:44p  30.0   7:02a  17.9   0.0  0.00   4.3  31.0   5:40p     W
 4  51.1  59.5   3:00p  42.4   6:59a  13.9   0.0  0.00   2.7  31.0   5:40p   WNW
 5  38.1  48.1  12:00a  34.8   8:34a  26.9   0.0  0.28   2.4  17.0   2:00p    NE
 6  49.1  65.6   5:13p  35.9  12:00a  15.9   0.0  0.01   1.5  15.0   5:00a    NW
 7  55.3  68.6   2:52p  38.9   6:12a  10.2   0.5  0.11   1.0  14.0  12:32p   SSW
 8  63.0  75.5   3:34p  51.8   4:54a   5.4   3.3  0.03   2.0  22.0  12:37p   WSW
 9  63.1  75.1   3:02p  50.7   6:51a   4.2   2.3  0.00   3.8  26.0   4:40p   WNW
10  51.7  59.9   5:28p  42.5  11:57p  13.2   0.0  0.00   3.3  26.0   4:40p   NNW
11  46.1  58.5   4:43p  38.2   5:46a  18.9   0.0  0.00   1.8  21.0  12:37p   ENE
12  53.3  62.3   3:40p  44.9   5:09a  11.7   0.0  1.57   1.4  18.0   4:46p   ENE
13  64.4  73.9   3:27p  57.8  11:59p   3.1   2.5  0.72   1.2  18.0   4:46p   WSW
14  61.3  68.0  11:52p  52.9   4:03a   4.0   0.4  0.99   0.6  19.0  10:05p   SSW
15  51.1  68.1  12:16a  43.3  11:16p  14.1   0.2  0.37   7.8  37.0   7:00p     W
16  51.0  62.4   4:28p  42.0   4:56a  14.0   0.0  0.00   4.0  37.0   6:58p   WNW
17  51.7  58.2   5:37p  46.0   6:35a  13.3   0.0  0.00   1.0  29.0  12:56a    NE
18  58.4  73.8   5:33p  48.9   5:45a   7.8   1.2  0.00   0.9  10.0  10:15a     E
19  66.5  73.3   1:32p  60.9   6:29a   0.6   2.0  0.54   2.0  15.0  10:55p   SSW
20  66.1  74.1   1:56p  56.8  11:48p   1.3   2.4  0.01   1.3  16.0  10:26p   SSW
21  59.5  66.8   5:46p  52.0   6:45a   5.6   0.1  0.00   1.2  16.0  10:07p    NW
22  59.4  69.4   5:44p  52.2   6:49a   6.2   0.5  0.00   3.7  19.0   1:17p     N
23  64.5  77.3   4:05p  48.6   6:45a   4.0   3.5  0.00   1.0  19.0  12:58p    SW
24  60.6  69.1   5:23p  53.3   8:17a   4.8   0.4  0.00   3.0  19.0   5:01a   WNW
25  56.2  61.4   2:42p  51.5   7:29a   8.8   0.0  0.00   0.7  19.0   5:01a    NE
26  55.2  66.7   3:21p  50.8   5:45a   9.8   0.0  0.38   2.6  26.0   7:37p   WNW
27  53.8  62.8   5:27p  46.3   6:30a  11.1   0.0  0.00   6.1  40.0   9:21a     W
28  47.7  52.8  12:05a  38.3  11:27p  17.3   0.0  0.09   1.4  40.0   9:21a   NNE
29  47.3  58.6   3:20p  32.7   6:18a  17.7   0.0  0.00   0.9  17.0   4:54p     W
30  58.8  70.7   5:14p  48.8   4:33a   7.1   0.9  0.00   1.7  16.0   3:45p   NNW
----------------------------------------------------------------------------------
    54.1  77.3    23    23.8     2   346.2  20.2  5.10   3.0  40.0    27     WNW

Max >=  80.0:  0
Max <=  32.0:  0
Min <=  32.0:  3
Min <=   0.0:  0
Max Rain: 1.57 on day 12
Days of Rain: 12 (>= 0.01 in)  8 (>= 0.10 in)  1 (>= 1.00 in)
Heat Base: 65.0  Cool Base: 65.0  Method: Integration