NOAA-Style Climate Reports

Select a Year or Month report
2023: Jan Feb Mar Apr May Jun Jul Aug Sep Oct Nov Dec
2022: Jan Feb Mar Apr May Jun Jul Aug Sep Oct Nov Dec
2021: Jan Feb Mar Apr May Jun Jul Aug Sep Oct Nov Dec
2020: Jan Feb Mar Apr May Jun Jul Aug Sep Oct Nov Dec
2019: Jan Feb Mar Apr May Jun Jul Aug Sep Oct Nov Dec
2018: Jan Feb Mar Apr May Jun Jul Aug Sep Oct Nov Dec

Report for 2019 June
                   Monthly Climatological Summary for Jun 2019

Name: Larrys Jonestown Weather   City: Jonestown   State: Pennsylvania
Elevation: 527 ft  Lat: N 40° 24' 16"   Lon: W 076° 28' 30"

                  Temperature (°F), Rain (in), Wind Speed (mph)

                                      Heat  Cool        Avg
    Mean                              Deg   Deg         Wind                 Dom
Day Temp  High   Time   Low    Time   Days  Days  Rain  Speed High   Time    Dir
----------------------------------------------------------------------------------
 1  69.6  85.4   5:27p  57.7   4:02a   2.2   6.8  0.98   0.2  26.0   9:05p    NW
 2  66.8  78.2   4:00p  58.9   7:03a   2.1   3.9  0.01   0.5  26.0   8:58p    NW
 3  60.3  67.7   5:34p  52.4   5:00a   5.0   0.3  0.00   1.5  19.0   1:08p    NW
 4  61.4  75.1   6:23p  48.7   5:04a   5.6   1.9  0.00   0.4  19.0   1:01p     W
 5  70.3  84.3   1:24p  56.1   5:49a   1.9   7.2  0.00   0.2   9.0  11:28a    SW
 6  74.2  83.6   5:27p  65.6   5:34a   0.0   9.2  0.00   0.6  11.0   1:14p     N
 7  70.5  79.8   4:10p  62.6  11:13p   0.2   5.8  0.00   0.1  11.0   1:07p    NE
 8  69.9  81.9   5:07p  57.5   4:26a   1.5   6.4  0.00   0.9  14.0  10:03a    NE
 9  68.6  79.6   5:47p  55.9   5:54a   2.0   5.6  0.00   1.7  15.0  11:54a    NE
10  61.7  66.9  12:00a  52.5   6:43a   3.7   0.4  0.51   0.8  15.0  11:47a    NE
11  66.9  76.3   4:45p  58.4  11:58p   1.3   3.2  0.11   2.8  20.0   1:16p     N
12  64.3  75.9   3:25p  50.8   6:08a   3.9   3.2  0.00   0.9  20.0   1:09p   WNW
13  59.3  65.7   5:55p  54.6   8:48a   5.8   0.0  1.20   0.7  13.0   6:12a    NE
14  61.5  72.5   6:26p  51.7   5:14a   5.1   1.6  0.01   1.9  20.0  10:48a     W
15  64.8  78.4   1:14p  48.4   5:00a   4.7   4.4  0.00   0.1  20.0  10:48a   WSW
16  70.4  79.4   2:20p  63.7   5:50a   0.1   5.6  0.33   0.1  10.0  11:46p   WNW
17  69.8  77.1   5:11p  65.2   5:18a   0.0   4.8  0.25   0.1  10.0  11:40p    NW
18  71.9  82.1   3:42p  65.8   2:45a   0.0   6.9  0.30   0.5  13.0   4:20p   WNW
19  70.8  79.2   2:14p  66.3   4:40a   0.0   5.8  4.79   0.5  15.0   8:55p    NE
20  72.8  82.7   6:05p  67.5   1:05a   0.0   7.8  0.80   0.5  15.0   8:48p   WNW
21  69.0  77.9   5:07p  63.0   8:45a   0.1   4.1  0.32   2.1  21.0   1:42p     N
22  68.9  78.5   5:17p  58.3   5:37a   1.0   5.0  0.00   1.8  21.0   1:35p     N
23  70.6  84.8   6:11p  55.8   4:09a   1.9   7.5  0.00   0.6  17.0   2:47p    NW
24  73.3  89.2   5:09p  55.7   5:56a   2.0  10.3  0.00   0.1  10.0  10:26a     W
25  76.7  85.5   4:37p  70.1   6:13a   0.0  11.7  0.37   1.0  13.0   4:10p   WNW
26  77.9  90.1   5:14p  64.0   5:59a   0.0  13.0  0.00   0.5  13.0   4:03p     W
27  79.3  91.9   7:46p  66.6   5:39a   0.0  14.3  0.00   0.2  10.0   2:32p    NW
28  78.3  91.9   2:28p  65.5   6:05a   0.0  13.3  0.00   0.3  14.0   7:31p   WNW
29  74.2  90.8   1:37p  66.8  10:31p   0.0   9.2  0.27   0.3  20.0   2:31p     W
30  74.4  83.7   3:58p  64.6  11:53p   0.0   9.4  0.01   1.8  20.0   2:31p    NW
----------------------------------------------------------------------------------
    69.6  91.9    27    48.4    15    50.1 188.6 10.26   0.8  26.0     1     NNW

Max >=  80.0: 14
Max <=  32.0:  0
Min <=  32.0:  0
Min <=   0.0:  0
Max Rain: 4.79 on day 19
Days of Rain: 15 (>= 0.01 in)  12 (>= 0.10 in)  2 (>= 1.00 in)
Heat Base: 65.0  Cool Base: 65.0  Method: Integration