NOAA-Style Climate Reports

Select a Year or Month report
2023: Jan Feb Mar Apr May Jun Jul Aug Sep Oct Nov Dec
2022: Jan Feb Mar Apr May Jun Jul Aug Sep Oct Nov Dec
2021: Jan Feb Mar Apr May Jun Jul Aug Sep Oct Nov Dec
2020: Jan Feb Mar Apr May Jun Jul Aug Sep Oct Nov Dec
2019: Jan Feb Mar Apr May Jun Jul Aug Sep Oct Nov Dec
2018: Jan Feb Mar Apr May Jun Jul Aug Sep Oct Nov Dec

Report for 2019 December
                   Monthly Climatological Summary for Dec 2019

Name: Larrys Jonestown Weather   City: Jonestown   State: Pennsylvania
Elevation: 527 ft  Lat: N 40° 24' 16"   Lon: W 076° 28' 30"

                  Temperature (°F), Rain (in), Wind Speed (mph)

                                      Heat  Cool        Avg
    Mean                              Deg   Deg         Wind                 Dom
Day Temp  High   Time   Low    Time   Days  Days  Rain  Speed High   Time    Dir
----------------------------------------------------------------------------------
21  23.3  32.1   3:14p  16.7   6:44a  41.7   0.0  0.00   0.3  13.0  11:38a   NNE
22  29.1  45.5   3:13p  16.1   7:02a  35.8   0.0  0.00   1.1   9.0  12:31p    SW
23  34.7  47.1   3:15p  24.9   8:19a  30.3   0.0  0.00   0.8   9.0  12:24p    SW
24  38.0  49.1   2:51p  28.5  11:35p  26.9   0.0  0.00   1.5  10.0   5:41a    NE
25  31.3  43.2   3:07p  21.9   5:51a  33.7   0.0  0.00   0.3  10.0   5:34a    NE
26  34.3  46.1   2:33p  22.7   6:03a  30.7   0.0  0.00   0.6   8.0  10:59a    NE
27  39.3  44.9   3:52p  35.6   2:10a  25.7   0.0  0.00   0.3   8.0  10:51a    NE
28  41.4  51.0   3:12p  31.9   4:52a  23.6   0.0  0.00   0.9  10.0  10:12a    NW
29  36.8  40.8  11:05a  30.9   3:56a  28.2   0.0  0.45   1.5  15.0   9:29p    NE
30  38.8  40.7   2:43p  36.7  11:59p  26.2   0.0  0.47   4.6  20.0   7:05a    NE
31  38.1  45.7   2:24p  34.2   4:43a  26.9   0.0  0.01   2.2  20.0   7:05a   WSW
----------------------------------------------------------------------------------
    35.0  51.0    28    16.1    22   329.7   0.0  0.93   1.3  20.0    30     NNE

Max >=  80.0:  0
Max <=  32.0:  0
Min <=  32.0:  8
Min <=   0.0:  0
Max Rain: 0.47 on day 30
Days of Rain: 3 (>= 0.01 in)  2 (>= 0.10 in)  0 (>= 1.00 in)
Heat Base: 65.0  Cool Base: 65.0  Method: Integration