NOAA-Style Climate Reports

Select a Year or Month report
2023: Jan Feb Mar Apr May Jun Jul Aug Sep Oct Nov Dec
2022: Jan Feb Mar Apr May Jun Jul Aug Sep Oct Nov Dec
2021: Jan Feb Mar Apr May Jun Jul Aug Sep Oct Nov Dec
2020: Jan Feb Mar Apr May Jun Jul Aug Sep Oct Nov Dec
2019: Jan Feb Mar Apr May Jun Jul Aug Sep Oct Nov Dec
2018: Jan Feb Mar Apr May Jun Jul Aug Sep Oct Nov Dec

Report for 2020 February
                   Monthly Climatological Summary for Feb 2020

Name: Larrys Jonestown Weather   City: Jonestown   State: Pennsylvania
Elevation: 527 ft  Lat: N 40° 24' 16"   Lon: W 076° 28' 30"

                  Temperature (°F), Rain (in), Wind Speed (mph)

                                      Heat  Cool        Avg
    Mean                              Deg   Deg         Wind                 Dom
Day Temp  High   Time   Low    Time   Days  Days  Rain  Speed High   Time    Dir
----------------------------------------------------------------------------------
 1  34.4  41.3   3:24p  28.9   2:38a  30.6   0.0  0.03   0.4   8.0   4:50p    NW
 2  35.1  37.8  10:13a  33.4   4:44a  29.9   0.0  0.00   1.5  17.0  10:31a   WSW
 3  47.2  60.2   4:34p  33.3   1:46a  17.8   0.0  0.00   2.0  19.0   5:57a     W
 4  46.6  55.6   3:46p  38.5  12:06a  18.6   0.0  0.04   0.6  19.0   5:50a     N
 5  36.4  48.6  12:00a  31.2  11:22p  28.2   0.0  0.01   4.8  22.0   3:11a   NNE
 6  34.8  38.5  11:30p  31.1  12:43a  30.2   0.0  0.16   0.8  22.0   3:05a    NE
 7  36.3  41.9   9:01a  30.1   9:20p  28.7   0.0  0.80   5.6  31.0   2:28p   WNW
 8  31.9  37.8   2:24p  26.4   6:32a  33.1   0.0  0.00   2.9  31.0   2:22p   WSW
 9  33.5  40.3   4:02p  25.3   7:27a  31.5   0.0  0.00   0.5  25.0   4:19a   SSW
10  39.8  42.0  10:56a  36.4   5:00a  25.2   0.0  0.22   0.7  10.0  10:46a    SW
11  42.2  46.8   3:45p  38.3  11:59p  22.8   0.0  0.06   1.5  18.0  10:59p   WNW
12  37.7  42.5   2:42p  32.8   7:08a  27.3   0.0  0.22   1.8  18.0  10:53p     W
13  38.4  43.5   3:06p  35.0   2:18a  26.6   0.0  0.32   1.8  21.0   8:31p     W
14  25.9  36.5  12:00a  14.6  11:59p  39.1   0.0  0.00   5.4  30.0   5:06a   NNW
15  19.6  29.9   3:18p   8.6   7:07a  45.6   0.0  0.00   1.1  30.0   5:06a   SSW
16  29.8  36.9   4:23p  22.4  12:08a  35.2   0.0  0.00   0.2  12.0   1:22p   NNW
17  38.1  49.6   5:01p  30.1   6:57a  26.8   0.0  0.00   0.8   9.0  11:58a    NW
18  38.9  43.4   1:56p  32.9   2:47a  26.1   0.0  0.09   0.8   9.0  11:52a    NE
19  38.9  43.8   2:59p  33.2  11:52p  26.1   0.0  0.00   4.1  24.0  12:14p    NW
20  28.6  33.3  12:00a  22.1  11:54p  36.4   0.0  0.00   2.6  24.0  12:08p     N
21  24.6  33.8   4:58p  17.6   7:06a  40.4   0.0  0.00   3.4  19.0   6:19a   NNW
22  35.8  50.1   4:24p  22.5   5:16a  29.1   0.0  0.00   2.6  19.0   6:13a    SW
23  39.7  54.6   4:27p  23.6   7:33a  25.3   0.0  0.00   1.3  14.0  12:35p    SW
24  42.3  58.1   4:31p  25.5   4:50a  22.7   0.0  0.00   0.3  12.0  12:50p   WSW
25  43.0  45.5   1:57p  38.7   1:53a  22.2   0.0  0.03   0.6   8.0   8:48p    NE
26  44.7  46.9   2:12p  42.6  11:39p  20.3   0.0  0.11   0.8  25.0  10:52p    NE
27  32.5  42.8  12:00a  26.5   8:03p  32.5   0.0  0.40   7.6  32.0   8:08a     W
28  30.4  38.2   4:15p  24.8   6:54a  34.6   0.0  0.00   5.1  32.0   8:08a     W
29  26.6  29.8   3:35p  22.7   6:35a  38.4   0.0  0.00   5.0  26.0  10:58a   WNW
----------------------------------------------------------------------------------
    35.6  60.2     3     8.6    15   851.3   0.0  2.49   2.2  32.0    27     WNW

Max >=  80.0:  0
Max <=  32.0:  2
Min <=  32.0: 18
Min <=   0.0:  0
Max Rain: 0.80 on day 7
Days of Rain: 13 (>= 0.01 in)  7 (>= 0.10 in)  0 (>= 1.00 in)
Heat Base: 65.0  Cool Base: 65.0  Method: Integration