NOAA-Style Climate Reports

Select a Year or Month report
2023: Jan Feb Mar Apr May Jun Jul Aug Sep Oct Nov Dec
2022: Jan Feb Mar Apr May Jun Jul Aug Sep Oct Nov Dec
2021: Jan Feb Mar Apr May Jun Jul Aug Sep Oct Nov Dec
2020: Jan Feb Mar Apr May Jun Jul Aug Sep Oct Nov Dec
2019: Jan Feb Mar Apr May Jun Jul Aug Sep Oct Nov Dec
2018: Jan Feb Mar Apr May Jun Jul Aug Sep Oct Nov Dec

Report for 2020 March
                   Monthly Climatological Summary for Mar 2020

Name: Larrys Jonestown Weather   City: Jonestown   State: Pennsylvania
Elevation: 527 ft  Lat: N 40° 24' 16"   Lon: W 076° 28' 30"

                  Temperature (°F), Rain (in), Wind Speed (mph)

                                      Heat  Cool        Avg
    Mean                              Deg   Deg         Wind                 Dom
Day Temp  High   Time   Low    Time   Days  Days  Rain  Speed High   Time    Dir
----------------------------------------------------------------------------------
 1  32.0  44.3   4:51p  21.3   6:52a  33.0   0.0  0.00   2.8  26.0  10:58a     W
 2  44.0  64.1   2:29p  25.0   2:34a  21.0   0.0  0.08   1.7  18.0   1:41a    SW
 3  46.0  49.8  11:29a  40.8   7:09a  19.0   0.0  0.50   1.3  27.0   8:04p     W
 4  47.7  56.2   3:20p  41.6   5:21a  17.3   0.0  0.00   4.6  27.0   7:58p     W
 5  41.7  51.9   5:01p  33.4  11:20p  23.3   0.0  0.00   2.0  26.0   4:11a    NW
 6  34.6  37.6   3:51p  29.6   5:55a  30.4   0.0  0.19   1.6  19.0  12:24a   NNE
 7  35.2  43.3   4:21p  30.8  11:05p  30.1   0.0  0.00   9.5  30.0  10:22a     N
 8  42.9  59.2   5:57p  27.6   7:23a  21.2   0.0  0.00   2.6  30.0  10:16a    SW
 9  50.7  70.4   5:07p  31.0   8:08a  15.1   0.8  0.00   1.6  15.0   2:56p    SW
10  52.3  63.0   5:51p  41.9   9:04a  12.7   0.0  0.05   2.4  18.0   7:54p   WSW
11  44.2  51.9  12:00a  36.1  11:50p  20.8   0.0  0.00   1.6  18.0   7:48p     N
12  44.5  54.5   3:01p  34.1   2:49a  20.5   0.0  0.00   1.0  17.0   1:23a    NE
13  52.1  66.5   2:38p  43.7   3:36a  13.0   0.1  0.35   3.6  27.0   6:16p   WNW
14  45.1  50.3   2:46p  38.3   7:51a  19.9   0.0  0.00   3.1  27.0   6:10p    NW
15  41.8  50.7   4:55p  35.7  11:59p  23.2   0.0  0.02   2.2  16.0  12:04a     N
16  38.7  51.0   3:55p  24.6   6:49a  26.3   0.0  0.00   1.8  15.0   5:15p   ESE
17  43.4  52.0   4:34p  37.5   6:53a  21.6   0.0  0.04   1.7  18.0   4:38p     W
18  45.2  54.7   4:26p  33.2   8:27a  19.8   0.0  0.11   1.2  18.0   4:38p   SSW
19  43.4  47.9   6:30p  38.4   7:46a  21.6   0.0  0.85   1.6  13.0   5:27a    NE
20  56.5  75.1   5:33p  45.8   2:04a   9.7   1.2  0.02   2.5  24.0   7:16p   WNW
21  42.5  61.8  12:00a  34.1  11:55p  22.5   0.0  0.00   6.0  26.0  12:58a     N
22  35.9  47.3   4:22p  24.4   7:50a  29.1   0.0  0.00   1.8  26.0  12:52a    NE
23  35.9  40.4   5:44p  32.0   2:55a  29.1   0.0  0.52   1.3  16.0   1:16a    NE
24  44.0  54.2   5:55p  37.7   3:06a  21.0   0.0  0.00   2.4  19.0  11:56p     N
25  40.3  43.1   6:18p  37.2   7:43a  24.8   0.0  0.05   2.9  19.0  11:50p    NE
26  46.2  57.0   6:18p  39.1   3:51a  18.8   0.0  0.00   1.4  17.0  12:26p    SW
27  53.1  62.0   4:54p  44.3   6:49a  11.9   0.0  0.00   2.0  17.0  11:05a   NNW
28  44.3  53.0  12:20a  40.3  10:24a  20.7   0.0  1.91   1.6  17.0  10:59a    NE
29  45.6  48.3   5:13p  43.1   4:29a  19.4   0.0  0.03   1.6  14.0  10:10a    NE
30  50.2  57.2   2:24p  45.5   3:16a  14.8   0.0  0.00   2.1  23.0   5:44p    NW
31  43.8  46.8  12:21a  41.3  11:55p  21.2   0.0  0.04   1.7  23.0   5:44p    NE
----------------------------------------------------------------------------------
    44.0  75.1    20    21.3     1   652.8   2.1  4.76   2.9  30.0     7     NNW

Max >=  80.0:  0
Max <=  32.0:  0
Min <=  32.0:  9
Min <=   0.0:  0
Max Rain: 1.91 on day 28
Days of Rain: 15 (>= 0.01 in)  7 (>= 0.10 in)  1 (>= 1.00 in)
Heat Base: 65.0  Cool Base: 65.0  Method: Integration