NOAA-Style Climate Reports

Select a Year or Month report
2023: Jan Feb Mar Apr May Jun Jul Aug Sep Oct Nov Dec
2022: Jan Feb Mar Apr May Jun Jul Aug Sep Oct Nov Dec
2021: Jan Feb Mar Apr May Jun Jul Aug Sep Oct Nov Dec
2020: Jan Feb Mar Apr May Jun Jul Aug Sep Oct Nov Dec
2019: Jan Feb Mar Apr May Jun Jul Aug Sep Oct Nov Dec
2018: Jan Feb Mar Apr May Jun Jul Aug Sep Oct Nov Dec

Report for 2021 February
                   Monthly Climatological Summary for Feb 2021

Name: Larrys Jonestown Weather.   City: Jonestown   State: Pennsylvania
Elevation: 527 ft  Lat: N 40° 24' 16"   Lon: W 076° 28' 30"

                  Temperature (°F), Rain (in), Wind Speed (mph)

                                      Heat  Cool        Avg
    Mean                              Deg   Deg         Wind                 Dom
Day Temp  High   Time   Low    Time   Days  Days  Rain  Speed High   Time    Dir
----------------------------------------------------------------------------------
 1  25.9  29.6   3:13p  19.7  12:00a  39.1   0.0  0.00   4.1  21.0   1:31a   NNE
 2  28.6  32.9  12:47p  26.0  10:34p  36.4   0.0  0.02   7.1  29.0   5:38p     N
 3  31.2  34.5   4:22p  27.5  12:00a  33.8   0.0  0.00   5.1  29.0   5:38p   NNW
 4  32.4  42.7   3:12p  25.1   7:13a  32.6   0.0  0.05   2.3  29.0  11:55a     W
 5  36.5  46.3   3:09p  27.5  12:00a  28.5   0.0  0.06   2.5  21.0   4:22p   WSW
 6  32.4  40.7   3:10p  23.3   7:52a  32.6   0.0  0.00   2.0  21.0   4:17p   WSW
 7  29.1  35.5   2:08p  20.5  11:57p  35.9   0.0  0.10   2.5  18.0  11:21a    NW
 8  19.5  27.2   3:50p  13.2   6:46a  45.5   0.0  0.00   1.1  18.0   8:43p    NW
 9  25.2  33.4   2:45p  16.8   1:35a  39.8   0.0  0.02   1.5  10.0  12:00a    NE
10  27.2  32.5   1:35p  20.9  12:12a  37.8   0.0  0.00   0.8  10.0  11:08a     W
11  26.0  29.0   2:52p  23.3  11:58p  39.0   0.0  0.00   2.0  13.0   4:07p   NNE
12  22.1  26.0   3:00p  17.3   7:06a  42.9   0.0  0.00   1.2  13.0   4:02p   NNE
13  24.3  26.3  11:39a  23.4  11:47p  40.6   0.0  0.00   1.5  14.0  12:08p    NE
14  28.1  35.6   2:29p  21.7   5:14a  36.9   0.0  0.00   1.3  14.0  12:02p     N
15  30.5  33.2   2:24p  29.0   6:46a  34.5   0.0  0.31   1.1  11.0  10:47p    NE
16  32.2  41.1   1:49p  23.0  11:57p  32.8   0.0  0.03   3.5  26.0   4:03p     W
17  22.4  27.4   4:45p  18.3   7:24a  42.6   0.0  0.00   3.0  26.0   4:03p   NNW
18  23.1  24.7   4:39a  20.1  11:11a  41.9   0.0  0.00   1.7  24.0  12:36a    NE
19  27.6  34.0   3:55p  22.8  12:00a  37.4   0.0  0.03   1.2  16.0  11:03a    NW
20  24.2  28.2   1:38p  20.5   7:18a  40.8   0.0  0.00   4.9  20.0   9:16a   WNW
21  25.4  35.0   4:20p  18.0   7:33a  39.6   0.0  0.04   1.6  20.0   9:11a     W
22  29.3  31.9   4:55p  25.4   3:44a  35.7   0.0  0.00   0.6  12.0   3:31a    SW
23  36.8  45.6   5:03p  27.8   7:10a  28.2   0.0  0.43   2.6  22.0   6:10p   WSW
24  42.8  53.9   2:51p  28.3   7:56a  22.2   0.0  0.00   1.6  22.0   6:10p    SW
25  40.7  48.5  12:40a  35.2  11:06p  24.3   0.0  0.00   4.4  28.0   1:05a   WNW
26  37.2  43.3   1:17p  30.0   7:12a  27.8   0.0  0.00   1.0  28.0   1:05a   WSW
27  36.9  43.5   4:24p  30.9   5:55a  28.0   0.0  0.57   1.1  12.0   2:13p    SW
28  36.6  42.8  12:16a  34.2   4:50a  28.4   0.0  0.98   1.1  12.0   2:08p    NE
----------------------------------------------------------------------------------
    29.8  53.9    24    13.2     8   985.6   0.0  2.64   2.3  29.0     2      NW

Max >=  80.0:  0
Max <=  32.0:  9
Min <=  32.0: 26
Min <=   0.0:  0
Max Rain: 0.98 on day 28
Days of Rain: 12 (>= 0.01 in)  5 (>= 0.10 in)  0 (>= 1.00 in)
Heat Base: 65.0  Cool Base: 65.0  Method: Integration