NOAA-Style Climate Reports

Select a Year or Month report
2023: Jan Feb Mar Apr May Jun Jul Aug Sep Oct Nov Dec
2022: Jan Feb Mar Apr May Jun Jul Aug Sep Oct Nov Dec
2021: Jan Feb Mar Apr May Jun Jul Aug Sep Oct Nov Dec
2020: Jan Feb Mar Apr May Jun Jul Aug Sep Oct Nov Dec
2019: Jan Feb Mar Apr May Jun Jul Aug Sep Oct Nov Dec
2018: Jan Feb Mar Apr May Jun Jul Aug Sep Oct Nov Dec

Report for 2021 April
                   Monthly Climatological Summary for Apr 2021

Name: Larrys Jonestown Weather.   City: Jonestown   State: Pennsylvania
Elevation: 527 ft  Lat: N 40° 24' 16"   Lon: W 076° 28' 30"

                  Temperature (°F), Rain (in), Wind Speed (mph)

                                      Heat  Cool        Avg
    Mean                              Deg   Deg         Wind                 Dom
Day Temp  High   Time   Low    Time   Days  Days  Rain  Speed High   Time    Dir
----------------------------------------------------------------------------------
 1  38.6  50.2  12:00a  31.9  11:33p  26.4   0.0  0.11   4.1  23.0   1:40a     N
 2  32.5  40.6   5:16p  24.8   6:25a  32.5   0.0  0.00   4.1  26.0   1:04p     N
 3  39.6  52.7   6:22p  28.1   7:03a  25.7   0.0  0.00   0.6  26.0  12:59p     W
 4  51.5  66.1   4:45p  35.7   6:31a  13.5   0.0  0.00   2.4  20.0   1:12p     N
 5  56.1  67.7   4:45p  44.0   4:05a   9.2   0.3  0.00   1.6  20.0   1:06p     N
 6  59.0  70.9   5:27p  44.0   7:07a   6.9   0.9  0.00   1.3  20.0   2:32p     N
 7  59.5  74.9   5:50p  46.9   7:26a   6.9   1.4  0.01   0.3  20.0   3:42p    NE
 8  57.9  71.4   5:02p  44.0   6:52a   8.2   1.1  0.00   0.2  11.0   1:53p   SSW
 9  52.7  56.7   3:02p  47.7   3:20a  12.3   0.0  0.00   0.0  11.0   1:48p   ENE
10  54.7  62.1   5:33p  49.9   7:39a  10.2   0.0  0.02   0.0   6.0   2:57p   ---
11  56.9  63.4   5:18p  49.6  11:58p   8.1   0.0  1.57   0.1  14.0   9:58p    NE
13  51.9  62.9   6:11p  45.2   5:57a  16.7   0.0  0.09   0.0  14.0   9:57p   ENE
14  52.4  60.1   4:08p  42.7   5:35a  12.5   0.0  0.03   0.0   1.0   1:37p   ---
15  50.5  57.4  12:05p  41.5  11:56p  14.5   0.0  0.00   1.2  21.0   4:52p   WNW
16  45.6  53.7   3:37p  38.3   6:21a  19.6   0.0  0.00   2.0  22.0   5:07p   WNW
17  48.0  55.3   2:47p  40.1   5:13a  17.0   0.0  0.00   0.5  13.0   4:02p   WNW
18  51.7  61.1   1:42p  43.8   7:06a  13.5   0.0  0.01   0.2  15.0   5:37p     W
19  51.7  63.4   1:58p  40.0   5:21a  13.3   0.0  0.00   0.0  12.0   4:43p   WSW
20  56.1  73.8   4:50p  37.6   7:06a  10.3   1.5  0.00   0.5  14.0  11:34a    SW
21  46.9  60.9  10:46a  35.5  11:58p  18.1   0.0  0.03   1.5  23.0  12:52p    NW
22  37.8  44.7   3:08p  30.7   6:26a  27.2   0.0  0.00   1.5  23.0   1:54p   WNW
23  48.5  62.1   5:22p  34.6   6:34a  16.5   0.0  0.00   1.1  21.0   3:18p   WSW
24  54.0  64.4   4:13p  44.3   6:21a  11.0   0.0  0.02   0.0  10.0  12:24p    SW
25  53.1  62.2   5:26p  45.4   6:12a  11.9   0.0  0.34   1.1  18.0   2:56p    NW
26  49.0  63.8   7:12p  37.1   6:27a  16.0   0.0  0.00   2.0  17.0   3:42a   NNW
27  58.8  80.8   6:39p  40.8   1:39a   9.2   2.9  0.00   0.3   8.0   4:55a    NE
28  69.4  84.0   3:49p  51.6   5:03a   3.6   8.0  0.00   1.2  20.0   3:53p   WSW
29  67.7  72.4   9:16p  64.8   6:07a   0.0   2.7  0.20   0.5  15.0   9:43p   WSW
30  56.1  64.9  12:00a  44.0  11:57p   8.9   0.0  0.02   7.4  34.0   4:11p   WNW
----------------------------------------------------------------------------------
    52.0  84.0    28    24.8     2   399.7  18.8  2.45   0.7  34.0    30      NW

Max >=  80.0:  2
Max <=  32.0:  0
Min <=  32.0:  4
Min <=   0.0:  0
Max Rain: 1.57 on day 11
Days of Rain: 12 (>= 0.01 in)  4 (>= 0.10 in)  1 (>= 1.00 in)
Heat Base: 65.0  Cool Base: 65.0  Method: Integration