NOAA-Style Climate Reports

Select a Year or Month report
2023: Jan Feb Mar Apr May Jun Jul Aug Sep Oct Nov Dec
2022: Jan Feb Mar Apr May Jun Jul Aug Sep Oct Nov Dec
2021: Jan Feb Mar Apr May Jun Jul Aug Sep Oct Nov Dec
2020: Jan Feb Mar Apr May Jun Jul Aug Sep Oct Nov Dec
2019: Jan Feb Mar Apr May Jun Jul Aug Sep Oct Nov Dec
2018: Jan Feb Mar Apr May Jun Jul Aug Sep Oct Nov Dec

Report for 2021 October
                   Monthly Climatological Summary for Oct 2021

Name: Larrys Jonestown Weather.   City: Jonestown   State: Pennsylvania
Elevation: 527 ft  Lat: N 40° 24' 16"   Lon: W 076° 28' 30"

                  Temperature (°F), Rain (in), Wind Speed (mph)

                                      Heat  Cool        Avg
    Mean                              Deg   Deg         Wind                 Dom
Day Temp  High   Time   Low    Time   Days  Days  Rain  Speed High   Time    Dir
----------------------------------------------------------------------------------
 1  54.0  66.9   6:01p  44.3   7:17a  11.0   0.0  0.00   0.0   9.0   3:10p   ---
 2  57.3  73.5   5:37p  44.0   6:23a   9.3   1.6  0.00   0.0   0.0  12:00a   ---
 3  63.1  79.8   4:20p  47.7   4:39a   6.2   4.3  0.14   0.0   1.0   1:15p   ---
 4  68.7  80.7   5:46p  64.3  11:47p   0.1   3.8  0.04   0.0   5.0  10:58p   ---
 5  63.9  67.1   2:03p  60.6   7:49a   1.5   0.3  0.00   0.0   6.0  12:17a   ---
 6  65.0  70.7   4:02p  61.8   6:58a   1.1   1.2  0.01   0.0   0.0  12:00a   ---
 7  65.4  71.6   5:21p  59.7  11:56p   1.2   1.6  0.00   0.0   0.0  12:00a   ---
 8  64.7  75.0   3:17p  57.1   6:25a   2.9   2.6  0.00   0.0   0.0  12:00a   ---
 9  62.9  66.8   4:16p  60.4  10:45p   2.2   0.1  0.00   0.0   6.0   1:53p   ---
10  61.2  65.1   3:05p  58.4   5:22a   3.8   0.0  0.01   0.1  10.0   1:26p   ENE
11  62.3  68.2   4:56p  56.7   3:05a   3.1   0.4  0.00   0.0   7.0  12:02p   ENE
12  60.7  65.5   3:18p  54.3   4:47a   4.3   0.0  0.00   0.0   0.0  12:00a   ---
13  63.2  68.6   5:40p  58.3  11:58p   2.4   0.6  0.01   0.0   0.0  12:00a   ---
14  63.5  75.7   5:41p  53.8   7:21a   4.4   2.8  0.01   0.0   7.0  12:59p   NNW
15  67.9  80.7   2:23p  57.0   4:41a   2.8   5.6  0.00   0.0   4.0   4:05p   ---
16  63.2  76.4  12:18p  51.1  11:57p   3.4   1.6  0.29   0.3  18.0   1:29p     W
17  52.3  58.2   3:24p  46.8  10:08p  12.7   0.0  0.00   0.8  19.0  10:28a   WNW
18  50.8  57.5   1:36p  45.1   2:04a  14.2   0.0  0.00   0.3  18.0  12:22p    NW
19  55.6  68.2   4:21p  43.8   7:40a   9.7   0.4  0.00   0.4  15.0   4:58p   WNW
20  61.4  72.2   3:44p  51.1   8:30a   5.4   1.8  0.00   0.3  13.0   2:33p   WNW
21  59.4  74.2   3:26p  45.3   7:06a   7.5   1.9  0.01   0.0   7.0   3:09p    SW
22  56.2  60.2   4:54p  51.8  11:57p   8.8   0.0  0.07   0.0   4.0   8:27a   ---
23  51.0  55.1   2:21p  45.3  11:46p  14.0   0.0  0.03   0.0   1.0   4:45p   ---
24  48.3  56.8   4:49p  40.7   5:34a  16.7   0.0  0.04   0.0   0.0  12:00a   ---
25  59.2  73.0   3:02p  48.8   7:16a   7.3   1.5  0.70   0.0   5.0  11:26p   ---
26  53.8  60.1  11:50a  45.8   7:52p  11.2   0.0  0.08   0.3  24.0   6:23p   WNW
27  57.0  65.6   4:02p  46.8  12:00a   8.0   0.0  0.00   0.5  21.0  11:22a     N
28  52.1  62.2   3:51p  42.1   7:19a  12.9   0.0  0.00   0.0   1.0   2:04p   ---
29  50.1  53.5  12:00a  47.2   8:23a  14.9   0.0  1.80   0.6  22.0   3:26p   ENE
30  53.5  61.0   2:36p  47.4  11:31p  11.5   0.0  0.29   0.1  14.0  12:02a    NE
31  51.3  60.5   1:57p  43.9   4:58a  13.7   0.0  0.08   0.1  13.0   2:44p     W
----------------------------------------------------------------------------------
    58.7  80.7     4    40.7    24   228.2  32.1  3.61   0.1  24.0    26      NW

Max >=  80.0:  2
Max <=  32.0:  0
Min <=  32.0:  0
Min <=   0.0:  0
Max Rain: 1.80 on day 29
Days of Rain: 16 (>= 0.01 in)  5 (>= 0.10 in)  1 (>= 1.00 in)
Heat Base: 65.0  Cool Base: 65.0  Method: Integration