NOAA-Style Climate Reports

Select a Year or Month report
2023: Jan Feb Mar Apr May Jun Jul Aug Sep Oct Nov Dec
2022: Jan Feb Mar Apr May Jun Jul Aug Sep Oct Nov Dec
2021: Jan Feb Mar Apr May Jun Jul Aug Sep Oct Nov Dec
2020: Jan Feb Mar Apr May Jun Jul Aug Sep Oct Nov Dec
2019: Jan Feb Mar Apr May Jun Jul Aug Sep Oct Nov Dec
2018: Jan Feb Mar Apr May Jun Jul Aug Sep Oct Nov Dec

Report for 2022 April
                   Monthly Climatological Summary for Apr 2022

Name: Larrys Jonestown Weather.   City: Jonestown   State: Pennsylvania
Elevation: 527 ft  Lat: N 40° 24' 16"   Lon: W 076° 28' 30"

                  Temperature (°F), Rain (in), Wind Speed (mph)

                                      Heat  Cool        Avg
    Mean                              Deg   Deg         Wind                 Dom
Day Temp  High   Time   Low    Time   Days  Days  Rain  Speed High   Time    Dir
----------------------------------------------------------------------------------
 1  46.2  55.3  12:18a  38.8  11:57p  18.9   0.0  0.09   6.4  31.0   5:55p     W
 2  41.7  52.1   4:44p  35.2   7:33a  23.3   0.0  0.00   2.9  22.0   1:17a    NW
 3  41.6  47.2   2:22p  37.7   7:20a  23.4   0.0  0.03   3.4  25.0   4:47p   WNW
 4  42.6  50.6   4:34p  35.3   7:07a  22.4   0.0  0.00   2.7  13.0  12:45a     W
 5  46.3  60.2   3:42p  33.6   4:17a  18.7   0.0  0.12   1.2  11.0   2:19p   ENE
 6  50.2  59.2   1:10p  44.1  12:21a  14.8   0.0  0.52   3.4  23.0   4:02a   ENE
 7  46.0  50.4  12:00a  44.2   1:01p  19.0   0.0  1.53   1.8  14.0   2:00a   NNE
 8  48.5  59.2   5:44p  42.0  11:35p  15.8   0.0  0.04   2.7  26.0   6:50p   WSW
 9  44.5  53.3   6:25p  38.5   7:55a  20.5   0.0  0.42   2.3  24.0   2:57p     W
10  41.4  46.0   6:18p  36.9   5:24a  23.6   0.0  0.00   4.8  28.0   3:52p   WNW
11  47.5  63.6   5:02p  32.5   6:35a  17.5   0.0  0.00   1.5  11.0   2:36p    SW
12  57.8  73.1   6:16p  46.4   7:20a   8.5   1.3  0.02   1.3  16.0  12:28p    NW
13  64.6  79.1   5:47p  49.8   2:35a   4.5   4.1  0.00   1.1  10.0  12:18p   WSW
14  63.8  78.3   1:48p  52.2  11:43p   3.9   2.7  0.00   4.6  27.0   3:14p     W
15  52.9  65.8   2:19p  44.1   3:42a   9.4   0.0  0.00   2.4  21.0   2:03p    SW
16  56.2  70.5   2:46p  47.1  10:31p   9.2   0.4  0.01   2.1  21.0   6:38p    NW
17  42.3  47.6  12:00a  34.7  11:59p  22.7   0.0  0.00   3.6  26.0  12:27p     N
18  34.7  44.5  12:25p  25.3   6:48a  30.3   0.0  1.26   1.3  14.0   1:18p    NE
19  38.9  45.3   4:31p  32.1   1:22a  26.1   0.0  0.22   6.0  30.0   1:29p     W
20  45.8  58.5   6:20p  35.3   6:50a  19.2   0.0  0.00   3.2  20.0   1:31a     W
21  50.1  60.6   1:01p  37.1   6:19a  14.9   0.0  0.01   0.9  14.0  10:42a    SW
22  55.6  66.6   4:53p  42.4   6:10a   9.5   0.1  0.00   2.3  17.0   9:49a   NNW
23  55.1  64.8   5:46p  48.6   7:49a   9.9   0.0  0.00   0.6   8.0   6:02p   ENE
24  60.0  78.0   5:45p  45.2   4:29a   7.7   2.7  0.00   1.4  11.0   7:24a   ENE
25  53.5  63.7   4:38p  46.9   6:59a  11.5   0.0  0.00   1.8  11.0   1:19p    NE
26  54.8  60.4  12:35p  50.6   6:53a  10.2   0.0  0.13   1.7  13.0  11:08p   WNW
27  44.7  52.0  12:00a  36.3  11:55p  20.3   0.0  0.00   6.5  29.0   8:46a   WNW
28  43.7  55.0   4:50p  35.0   4:49a  21.3   0.0  0.00   6.6  25.0   5:42a     N
29  49.0  61.2   5:38p  37.5   6:28a  16.0   0.0  0.00   3.6  21.0  12:36p     N
30  53.1  67.2   6:56p  34.6   6:30a  12.0   0.2  0.00   1.7  14.0   4:18p     N
----------------------------------------------------------------------------------
    49.1  79.1    13    25.3    18   485.0  11.5  4.40   3.1  31.0     1      NW

Max >=  80.0:  0
Max <=  32.0:  0
Min <=  32.0:  1
Min <=   0.0:  0
Max Rain: 1.53 on day 7
Days of Rain: 13 (>= 0.01 in)  7 (>= 0.10 in)  2 (>= 1.00 in)
Heat Base: 65.0  Cool Base: 65.0  Method: Integration